{"id":730,"date":"2020-04-26T16:08:23","date_gmt":"2020-04-26T16:08:23","guid":{"rendered":"http:\/\/www.souris-glacee.com\/?page_id=730"},"modified":"2026-01-10T15:53:48","modified_gmt":"2026-01-10T14:53:48","slug":"bijoux","status":"publish","type":"page","link":"https:\/\/www.souris-glacee.com\/?page_id=730","title":{"rendered":"bijoux Icy Mouse"},"content":{"rendered":"<blockquote><p>Depuis 2020, je cr\u00e9e des bijoux dans la continuit\u00e9 de mon univers artistique, sous la marque Icy Mouse Paris. Mes cr\u00e9ations sont en vente <a href=\"https:\/\/icymouse.com\">sur un eShop<\/a> et dans le cadre de salons d&#8217;artisanat d&#8217;art.<\/p><\/blockquote>\n<p>Mon mat\u00e9riau de base est le b\u00e9ton, mati\u00e8re \u00e0 la fois brute et min\u00e9rale, que je sublime dans des bijoux artistiques aux lignes graphiques, en le mariant \u00e0 des mati\u00e8res vari\u00e9es (feuille d&#8217;or, m\u00e9tal, verre, sable, coquillages, ardoise)<span style=\"font-size: inherit;\">. Le b\u00e9ton devient un terrain d\u2019exp\u00e9rimentation. Mon objectif ? R\u00e9v\u00e9ler sa po\u00e9sie.<\/span><\/p>\n<p>Chaque pi\u00e8ce est le fruit d\u2019un processus de cr\u00e9ation particulier. J\u2019ai \u00e9labor\u00e9 mes propres techniques, imagin\u00e9 mes mod\u00e8les et fabriqu\u00e9 mes moules, ce qui rend mes bijoux uniques.<span class=\"Apple-converted-space\"> Je les fabrique dans mon atelier situ\u00e9 \u00e0 paris dans le 11\u00e8me arrondissement.&nbsp;<\/span><\/p>\n<p>Chaque bijou est une d\u00e9claration : celle que la beaut\u00e9 peut na\u00eetre du contraste, du d\u00e9calage, de l\u2019improbable. Ce sont des pi\u00e8ces radicales, des bijoux\u2013manifeste qui affirment haut et fort une personnalit\u00e9, une vision, une libert\u00e9.<\/p>\n<p>Ces bijoux ne sont pas de simples accessoires. Ils portent en eux une attitude : refuser le convenu, assumer l\u2019audace, s\u2019approprier la force des mati\u00e8res. Les porter, c\u2019est affirmer son ind\u00e9pendance, son go\u00fbt pour l\u2019original, son envie d\u2019\u00eatre singuli\u00e8re. Dire au monde : <em>je ne cherche pas \u00e0 plaire, je cherche \u00e0 \u00eatre<\/em>.<\/p>\n<p>Je pr\u00e9sente ici quelques pi\u00e8ces pour vous donner envie <a title=\"Boutique Etsy Icy mouse - bijoux\" href=\"https:\/\/icymouse.com\">d&#8217;aller voir ma boutique en ligne <\/a>.<\/p>\n<h4>Bijoux en b\u00e9ton<\/h4>\n<!-- default-view.php -->\n<div\n\tclass=\"ngg-galleryoverview default-view \n\t\t\"\n\tid=\"ngg-gallery-19244b560c45fb3f06e607978cb4c2e3-1\">\n\n\t\t<!-- Thumbnails -->\n\t\t\t\t<div id=\"ngg-image-0\" class=\"ngg-gallery-thumbnail-box \n\t\t\t\t\t\t\t\t\t\t\t\" \n\t\t\t>\n\t\t\t\t\t\t<div class=\"ngg-gallery-thumbnail\">\n\t\t\t<a href=\"https:\/\/www.souris-glacee.com\/wp-content\/gallery\/bijoux-serie-beton\/boucle-doreilles-grande-bague-et-grand-collier-serie-Justine-beton-noir-et-cristaux-dores-by-Icy-Mouse-Paris-bijoux-contemporains-en-beton-photo-Marion-Saupin.jpg\"\n\t\t\t\ttitle=\"\"\n\t\t\t\tdata-src=\"https:\/\/www.souris-glacee.com\/wp-content\/gallery\/bijoux-serie-beton\/boucle-doreilles-grande-bague-et-grand-collier-serie-Justine-beton-noir-et-cristaux-dores-by-Icy-Mouse-Paris-bijoux-contemporains-en-beton-photo-Marion-Saupin.jpg\"\n\t\t\t\tdata-thumbnail=\"https:\/\/www.souris-glacee.com\/wp-content\/gallery\/bijoux-serie-beton\/thumbs\/thumbs_boucle-doreilles-grande-bague-et-grand-collier-serie-Justine-beton-noir-et-cristaux-dores-by-Icy-Mouse-Paris-bijoux-contemporains-en-beton-photo-Marion-Saupin.jpg\"\n\t\t\t\tdata-image-id=\"525\"\n\t\t\t\tdata-title=\"boucle-doreilles-grande-bague-et-grand-collier-serie-Justine-beton-noir-et-cristaux-dores-by-Icy-Mouse-Paris-bijoux-contemporains-en-beton-photo-Marion-Saupin\"\n\t\t\t\tdata-description=\"\"\n\t\t\t\tdata-image-slug=\"boucle-doreilles-grande-bague-et-grand-collier-serie-justine-beton-noir-et-cristaux-dores-by-icy-mouse-paris-bijoux-contemporains-en-beton-photo-marion-saupin\"\n\t\t\t\tclass='thickbox' rel='19244b560c45fb3f06e607978cb4c2e3'>\n\t\t\t\t<img\n\t\t\t\t\ttitle=\"boucle-doreilles-grande-bague-et-grand-collier-serie-Justine-beton-noir-et-cristaux-dores-by-Icy-Mouse-Paris-bijoux-contemporains-en-beton-photo-Marion-Saupin\"\n\t\t\t\t\talt=\"boucle-doreilles-grande-bague-et-grand-collier-serie-Justine-beton-noir-et-cristaux-dores-by-Icy-Mouse-Paris-bijoux-contemporains-en-beton-photo-Marion-Saupin\"\n\t\t\t\t\tsrc=\"https:\/\/www.souris-glacee.com\/wp-content\/gallery\/bijoux-serie-beton\/thumbs\/thumbs_boucle-doreilles-grande-bague-et-grand-collier-serie-Justine-beton-noir-et-cristaux-dores-by-Icy-Mouse-Paris-bijoux-contemporains-en-beton-photo-Marion-Saupin.jpg\"\n\t\t\t\t\twidth=\"100\"\n\t\t\t\t\theight=\"75\"\n\t\t\t\t\tstyle=\"max-width:100%;\"\n\t\t\t\t\/>\n\t\t\t<\/a>\n\t\t<\/div>\n\t\t\t\t\t\t\t<\/div> \n\t\t\t\n\t\t\t\t<div id=\"ngg-image-1\" class=\"ngg-gallery-thumbnail-box \n\t\t\t\t\t\t\t\t\t\t\t\" \n\t\t\t>\n\t\t\t\t\t\t<div class=\"ngg-gallery-thumbnail\">\n\t\t\t<a href=\"https:\/\/www.souris-glacee.com\/wp-content\/gallery\/bijoux-serie-beton\/bague-Oksana-beton-noir-ardoise-et-feuille-dor-par-Icy-Mouse-Paris-bijoux-contemporains-en-beton-fait-main-a-Paris-4.jpg\"\n\t\t\t\ttitle=\"\"\n\t\t\t\tdata-src=\"https:\/\/www.souris-glacee.com\/wp-content\/gallery\/bijoux-serie-beton\/bague-Oksana-beton-noir-ardoise-et-feuille-dor-par-Icy-Mouse-Paris-bijoux-contemporains-en-beton-fait-main-a-Paris-4.jpg\"\n\t\t\t\tdata-thumbnail=\"https:\/\/www.souris-glacee.com\/wp-content\/gallery\/bijoux-serie-beton\/thumbs\/thumbs_bague-Oksana-beton-noir-ardoise-et-feuille-dor-par-Icy-Mouse-Paris-bijoux-contemporains-en-beton-fait-main-a-Paris-4.jpg\"\n\t\t\t\tdata-image-id=\"528\"\n\t\t\t\tdata-title=\"bague-Oksana-beton-noir-ardoise-et-feuille-dor-par-Icy-Mouse-Paris-bijoux-contemporains-en-beton-fait-main-a-Paris-4\"\n\t\t\t\tdata-description=\"\"\n\t\t\t\tdata-image-slug=\"bague-oksana-beton-noir-ardoise-et-feuille-dor-par-icy-mouse-paris-bijoux-contemporains-en-beton-fait-main-a-paris-4\"\n\t\t\t\tclass='thickbox' rel='19244b560c45fb3f06e607978cb4c2e3'>\n\t\t\t\t<img\n\t\t\t\t\ttitle=\"bague-Oksana-beton-noir-ardoise-et-feuille-dor-par-Icy-Mouse-Paris-bijoux-contemporains-en-beton-fait-main-a-Paris-4\"\n\t\t\t\t\talt=\"bague-Oksana-beton-noir-ardoise-et-feuille-dor-par-Icy-Mouse-Paris-bijoux-contemporains-en-beton-fait-main-a-Paris-4\"\n\t\t\t\t\tsrc=\"https:\/\/www.souris-glacee.com\/wp-content\/gallery\/bijoux-serie-beton\/thumbs\/thumbs_bague-Oksana-beton-noir-ardoise-et-feuille-dor-par-Icy-Mouse-Paris-bijoux-contemporains-en-beton-fait-main-a-Paris-4.jpg\"\n\t\t\t\t\twidth=\"100\"\n\t\t\t\t\theight=\"75\"\n\t\t\t\t\tstyle=\"max-width:100%;\"\n\t\t\t\t\/>\n\t\t\t<\/a>\n\t\t<\/div>\n\t\t\t\t\t\t\t<\/div> \n\t\t\t\n\t\t\t\t<div id=\"ngg-image-2\" class=\"ngg-gallery-thumbnail-box \n\t\t\t\t\t\t\t\t\t\t\t\" \n\t\t\t>\n\t\t\t\t\t\t<div class=\"ngg-gallery-thumbnail\">\n\t\t\t<a href=\"https:\/\/www.souris-glacee.com\/wp-content\/gallery\/bijoux-serie-beton\/boucle-doreille-bague-ronde-et-collier-Bulle-beton-et-creux-dore-par-Icy-Mouse-bijoux-contemporains-en-beton-fait-main-a-Paris-photo-Marion-Saupin.jpg\"\n\t\t\t\ttitle=\"\"\n\t\t\t\tdata-src=\"https:\/\/www.souris-glacee.com\/wp-content\/gallery\/bijoux-serie-beton\/boucle-doreille-bague-ronde-et-collier-Bulle-beton-et-creux-dore-par-Icy-Mouse-bijoux-contemporains-en-beton-fait-main-a-Paris-photo-Marion-Saupin.jpg\"\n\t\t\t\tdata-thumbnail=\"https:\/\/www.souris-glacee.com\/wp-content\/gallery\/bijoux-serie-beton\/thumbs\/thumbs_boucle-doreille-bague-ronde-et-collier-Bulle-beton-et-creux-dore-par-Icy-Mouse-bijoux-contemporains-en-beton-fait-main-a-Paris-photo-Marion-Saupin.jpg\"\n\t\t\t\tdata-image-id=\"526\"\n\t\t\t\tdata-title=\"boucle-doreille-bague-ronde-et-collier-Bulle-beton-et-creux-dore-par-Icy-Mouse-bijoux-contemporains-en-beton-fait-main-a-Paris-photo-Marion-Saupin\"\n\t\t\t\tdata-description=\"\"\n\t\t\t\tdata-image-slug=\"boucle-doreille-bague-ronde-et-collier-bulle-beton-et-creux-dore-par-icy-mouse-bijoux-contemporains-en-beton-fait-main-a-paris-photo-marion-saupin\"\n\t\t\t\tclass='thickbox' rel='19244b560c45fb3f06e607978cb4c2e3'>\n\t\t\t\t<img\n\t\t\t\t\ttitle=\"boucle-doreille-bague-ronde-et-collier-Bulle-beton-et-creux-dore-par-Icy-Mouse-bijoux-contemporains-en-beton-fait-main-a-Paris-photo-Marion-Saupin\"\n\t\t\t\t\talt=\"boucle-doreille-bague-ronde-et-collier-Bulle-beton-et-creux-dore-par-Icy-Mouse-bijoux-contemporains-en-beton-fait-main-a-Paris-photo-Marion-Saupin\"\n\t\t\t\t\tsrc=\"https:\/\/www.souris-glacee.com\/wp-content\/gallery\/bijoux-serie-beton\/thumbs\/thumbs_boucle-doreille-bague-ronde-et-collier-Bulle-beton-et-creux-dore-par-Icy-Mouse-bijoux-contemporains-en-beton-fait-main-a-Paris-photo-Marion-Saupin.jpg\"\n\t\t\t\t\twidth=\"100\"\n\t\t\t\t\theight=\"75\"\n\t\t\t\t\tstyle=\"max-width:100%;\"\n\t\t\t\t\/>\n\t\t\t<\/a>\n\t\t<\/div>\n\t\t\t\t\t\t\t<\/div> \n\t\t\t\n\t\t\t\t<div id=\"ngg-image-3\" class=\"ngg-gallery-thumbnail-box \n\t\t\t\t\t\t\t\t\t\t\t\" \n\t\t\t>\n\t\t\t\t\t\t<div class=\"ngg-gallery-thumbnail\">\n\t\t\t<a href=\"https:\/\/www.souris-glacee.com\/wp-content\/gallery\/bijoux-serie-beton\/grand-collier-en-beton-et-tiges-de-laiton-Paloma-by-Icy-Mouse-Paris-bijoux-contemporains-en-beton-4.jpg\"\n\t\t\t\ttitle=\"\"\n\t\t\t\tdata-src=\"https:\/\/www.souris-glacee.com\/wp-content\/gallery\/bijoux-serie-beton\/grand-collier-en-beton-et-tiges-de-laiton-Paloma-by-Icy-Mouse-Paris-bijoux-contemporains-en-beton-4.jpg\"\n\t\t\t\tdata-thumbnail=\"https:\/\/www.souris-glacee.com\/wp-content\/gallery\/bijoux-serie-beton\/thumbs\/thumbs_grand-collier-en-beton-et-tiges-de-laiton-Paloma-by-Icy-Mouse-Paris-bijoux-contemporains-en-beton-4.jpg\"\n\t\t\t\tdata-image-id=\"527\"\n\t\t\t\tdata-title=\"grand-collier-en-beton-et-tiges-de-laiton-Paloma-by-Icy-Mouse-Paris-bijoux-contemporains-en-beton-4\"\n\t\t\t\tdata-description=\"\"\n\t\t\t\tdata-image-slug=\"grand-collier-en-beton-et-tiges-de-laiton-paloma-by-icy-mouse-paris-bijoux-contemporains-en-beton-4\"\n\t\t\t\tclass='thickbox' rel='19244b560c45fb3f06e607978cb4c2e3'>\n\t\t\t\t<img\n\t\t\t\t\ttitle=\"grand-collier-en-beton-et-tiges-de-laiton-Paloma-by-Icy-Mouse-Paris-bijoux-contemporains-en-beton-4\"\n\t\t\t\t\talt=\"grand-collier-en-beton-et-tiges-de-laiton-Paloma-by-Icy-Mouse-Paris-bijoux-contemporains-en-beton-4\"\n\t\t\t\t\tsrc=\"https:\/\/www.souris-glacee.com\/wp-content\/gallery\/bijoux-serie-beton\/thumbs\/thumbs_grand-collier-en-beton-et-tiges-de-laiton-Paloma-by-Icy-Mouse-Paris-bijoux-contemporains-en-beton-4.jpg\"\n\t\t\t\t\twidth=\"100\"\n\t\t\t\t\theight=\"75\"\n\t\t\t\t\tstyle=\"max-width:100%;\"\n\t\t\t\t\/>\n\t\t\t<\/a>\n\t\t<\/div>\n\t\t\t\t\t\t\t<\/div> \n\t\t\t\n\t\t\t\t<div id=\"ngg-image-4\" class=\"ngg-gallery-thumbnail-box \n\t\t\t\t\t\t\t\t\t\t\t\" \n\t\t\t>\n\t\t\t\t\t\t<div class=\"ngg-gallery-thumbnail\">\n\t\t\t<a href=\"https:\/\/www.souris-glacee.com\/wp-content\/gallery\/bijoux-serie-beton\/Boucles-doreilles-rondes-en-beton-noir-avec-des-cristaux-dores-Justine-by-Icy-Mouse-Paris-bijoux-contemporains-en-beton-2.jpg\"\n\t\t\t\ttitle=\"\"\n\t\t\t\tdata-src=\"https:\/\/www.souris-glacee.com\/wp-content\/gallery\/bijoux-serie-beton\/Boucles-doreilles-rondes-en-beton-noir-avec-des-cristaux-dores-Justine-by-Icy-Mouse-Paris-bijoux-contemporains-en-beton-2.jpg\"\n\t\t\t\tdata-thumbnail=\"https:\/\/www.souris-glacee.com\/wp-content\/gallery\/bijoux-serie-beton\/thumbs\/thumbs_Boucles-doreilles-rondes-en-beton-noir-avec-des-cristaux-dores-Justine-by-Icy-Mouse-Paris-bijoux-contemporains-en-beton-2.jpg\"\n\t\t\t\tdata-image-id=\"530\"\n\t\t\t\tdata-title=\"Boucles-doreilles-rondes-en-beton-noir-avec-des-cristaux-dores-Justine-by-Icy-Mouse-Paris-bijoux-contemporains-en-beton-2\"\n\t\t\t\tdata-description=\"\"\n\t\t\t\tdata-image-slug=\"boucles-doreilles-rondes-en-beton-noir-avec-des-cristaux-dores-justine-by-icy-mouse-paris-bijoux-contemporains-en-beton-2\"\n\t\t\t\tclass='thickbox' rel='19244b560c45fb3f06e607978cb4c2e3'>\n\t\t\t\t<img\n\t\t\t\t\ttitle=\"Boucles-doreilles-rondes-en-beton-noir-avec-des-cristaux-dores-Justine-by-Icy-Mouse-Paris-bijoux-contemporains-en-beton-2\"\n\t\t\t\t\talt=\"Boucles-doreilles-rondes-en-beton-noir-avec-des-cristaux-dores-Justine-by-Icy-Mouse-Paris-bijoux-contemporains-en-beton-2\"\n\t\t\t\t\tsrc=\"https:\/\/www.souris-glacee.com\/wp-content\/gallery\/bijoux-serie-beton\/thumbs\/thumbs_Boucles-doreilles-rondes-en-beton-noir-avec-des-cristaux-dores-Justine-by-Icy-Mouse-Paris-bijoux-contemporains-en-beton-2.jpg\"\n\t\t\t\t\twidth=\"100\"\n\t\t\t\t\theight=\"75\"\n\t\t\t\t\tstyle=\"max-width:100%;\"\n\t\t\t\t\/>\n\t\t\t<\/a>\n\t\t<\/div>\n\t\t\t\t\t\t\t<\/div> \n\t\t\t\n\t\t\t\t<div id=\"ngg-image-5\" class=\"ngg-gallery-thumbnail-box \n\t\t\t\t\t\t\t\t\t\t\t\" \n\t\t\t>\n\t\t\t\t\t\t<div class=\"ngg-gallery-thumbnail\">\n\t\t\t<a href=\"https:\/\/www.souris-glacee.com\/wp-content\/gallery\/bijoux-serie-beton\/colliers-contemporains-en-beton-fabrique-a-Paris-a-la-main-artisanat-bijoux-insolites.jpg\"\n\t\t\t\ttitle=\"\"\n\t\t\t\tdata-src=\"https:\/\/www.souris-glacee.com\/wp-content\/gallery\/bijoux-serie-beton\/colliers-contemporains-en-beton-fabrique-a-Paris-a-la-main-artisanat-bijoux-insolites.jpg\"\n\t\t\t\tdata-thumbnail=\"https:\/\/www.souris-glacee.com\/wp-content\/gallery\/bijoux-serie-beton\/thumbs\/thumbs_colliers-contemporains-en-beton-fabrique-a-Paris-a-la-main-artisanat-bijoux-insolites.jpg\"\n\t\t\t\tdata-image-id=\"529\"\n\t\t\t\tdata-title=\"colliers-contemporains-en-beton-fabrique-a-Paris-a-la-main-artisanat-bijoux-insolites\"\n\t\t\t\tdata-description=\"\"\n\t\t\t\tdata-image-slug=\"colliers-contemporains-en-beton-fabrique-a-paris-a-la-main-artisanat-bijoux-insolites\"\n\t\t\t\tclass='thickbox' rel='19244b560c45fb3f06e607978cb4c2e3'>\n\t\t\t\t<img\n\t\t\t\t\ttitle=\"colliers-contemporains-en-beton-fabrique-a-Paris-a-la-main-artisanat-bijoux-insolites\"\n\t\t\t\t\talt=\"colliers-contemporains-en-beton-fabrique-a-Paris-a-la-main-artisanat-bijoux-insolites\"\n\t\t\t\t\tsrc=\"https:\/\/www.souris-glacee.com\/wp-content\/gallery\/bijoux-serie-beton\/thumbs\/thumbs_colliers-contemporains-en-beton-fabrique-a-Paris-a-la-main-artisanat-bijoux-insolites.jpg\"\n\t\t\t\t\twidth=\"100\"\n\t\t\t\t\theight=\"75\"\n\t\t\t\t\tstyle=\"max-width:100%;\"\n\t\t\t\t\/>\n\t\t\t<\/a>\n\t\t<\/div>\n\t\t\t\t\t\t\t<\/div> \n\t\t\t\n\t\n\t<br style=\"clear: both\" \/>\n\n\t\n\t\t<!-- Pagination -->\n\t\t<div class='ngg-clear'><\/div>\t<\/div>\n\n","protected":false},"excerpt":{"rendered":"<p>Depuis 2020, je cr\u00e9e des bijoux dans la continuit\u00e9 de mon univers artistique, sous la marque Icy Mouse Paris. Mes cr\u00e9ations sont en vente sur un eShop et dans le cadre de salons d&#8217;artisanat d&#8217;art. Mon mat\u00e9riau de base est le b\u00e9ton, mati\u00e8re \u00e0 la fois brute et min\u00e9rale, que je sublime dans des bijoux [&hellip;]<\/p>\n","protected":false},"author":1,"featured_media":0,"parent":0,"menu_order":0,"comment_status":"closed","ping_status":"closed","template":"","meta":{"ngg_post_thumbnail":0,"footnotes":""},"_links":{"self":[{"href":"https:\/\/www.souris-glacee.com\/index.php?rest_route=\/wp\/v2\/pages\/730"}],"collection":[{"href":"https:\/\/www.souris-glacee.com\/index.php?rest_route=\/wp\/v2\/pages"}],"about":[{"href":"https:\/\/www.souris-glacee.com\/index.php?rest_route=\/wp\/v2\/types\/page"}],"author":[{"embeddable":true,"href":"https:\/\/www.souris-glacee.com\/index.php?rest_route=\/wp\/v2\/users\/1"}],"replies":[{"embeddable":true,"href":"https:\/\/www.souris-glacee.com\/index.php?rest_route=%2Fwp%2Fv2%2Fcomments&post=730"}],"version-history":[{"count":16,"href":"https:\/\/www.souris-glacee.com\/index.php?rest_route=\/wp\/v2\/pages\/730\/revisions"}],"predecessor-version":[{"id":846,"href":"https:\/\/www.souris-glacee.com\/index.php?rest_route=\/wp\/v2\/pages\/730\/revisions\/846"}],"wp:attachment":[{"href":"https:\/\/www.souris-glacee.com\/index.php?rest_route=%2Fwp%2Fv2%2Fmedia&parent=730"}],"curies":[{"name":"wp","href":"https:\/\/api.w.org\/{rel}","templated":true}]}}